. Let w be 2/((-6)/n - -2). Determine s(w).
-4
Suppose 40*z + 263 + 42 = 25. Let g(c) = -c**3 - 10*c**2 + 9*c + 4. Calculate g(z).
-206
Let k(s) be the third derivative of s**6/120 + 2*s**5/15 - s**4/3 + s**3/3 + 294*s**2 + s + 1. Determine k(-9).
-7
Let h(v) = -6*v - 1. Let z = 81 - 41. Let d be -6*(4 - z/12). What is h(d)?
23
Suppose -761 + 178 = 53*p. Let u(s) = s**3 + 14*s**2 + 32*s. Calculate u(p).
11
Let w = 15753 - 15734. Let j(l) = 9*l - 167. Give j(w).
4
Suppose -4*h - 83 = -4*f - 95, f = -4*h - 48. Let x(t) = 3*t + 14. Determine x(f).
-22
Let y(w) = w**2 + w - 2. Let c = -847 - -845. What is y(c)?
0
Let f(c) = -26*c - 26*c**2 - 163997*c**3 + 163998*c**3 - 7 - 15. What is f(27)?
5
Let c(j) = -4*j - 187. Suppose -49*w + 46*w - 80 = -5*d, 2*w + 5*d = -120. Calculate c(w).
-27
Let l = -330 - -337. Let v(y) be the first derivative of l*y + 17 + 1/4*y**4 + y**2 + 2*y**3. What is v(-6)?
-5
Let j(z) = 12*z + 23. Let n(p) = 14*p + 22. Let y(a) = 3*j(a) - 2*n(a). Determine y(-10).
-55
Let w(u) = -u**3 + 26*u**2 - u. Let o(c) = -3*c**3 + 72*c**2 - 5*c + 1. Let t(r) = 6*o(r) - 17*w(r). What is t(-8)?
-18
Let k(j) = -5*j**2 - j + 39. Let n(m) = 6*m**2 + m - 49. Let o(p) = -5*k(p) - 4*n(p). Suppose 0*a - 3*a = 9. What is o(a)?
7
Let u(k) be the first derivative of -7*k + 5/2*k**2 + k**3 - 1/4*k**4 - 45. Determine u(5).
-32
Let z(x) = 3*x**2 - 1 - 4*x**2 + 2*x + 3*x. Let b = 170700 + -170694. Give z(b).
-7
Let w(s) = -s**2 - s - 40. Let b be (-39)/(-234) - 2/12. Determine w(b).
-40
Let g(a) = 11*a + 25*a - 67*a + 22*a + 2 + 120. Give g(14).
-4
Suppose -16*o + 20 = -6*o. Let q(a) = 4*a**2 - 2*a**2 - 8*a**2 - 1 + 3*a**o - 2*a. Calculate q(-2).
-9
Let j = -12 - -23. Suppose -5*s - 2*c = -11, -31*s + 35*s + 5*c - 19 = 0. Suppose -j = -6*w + s. Let m(z) = -z**3 + z + 2. Calculate m(w).
-4
Let c(m) be the first derivative of m**4/4 - 5*m**3/3 - m**2 - 14*m + 2. Let p be 525/42 + -7 - (-4 + (-14)/(-4)). Determine c(p).
10
Let o(f) = 5176*f + 73 + 5178*f + 5183*f - 15529*f. What is o(-16)?
-55
Let d(l) = 3*l - 27. Let u(x) = -7*x + 87. Let h(z) = 10*d(z) + 3*u(z). What is h(4)?
27
Let v(q) = q**3 - 12*q**2 - q + 24. Let h be ((-705)/60 + 11)/(1/(-16)). What is v(h)?
12
Let n = 78 + -76. Let i be 1*(-14)/(-2)*(1 - n). Let u(o) be the third derivative of o**4/24 + 2*o**3/3 - 2*o**2. What is u(i)?
-3
Let z(i) = i**2 + 2*i - 4. Let n(h) = -16*h + 138. Let u be n(6). Suppose -9*y = u - 15. What is z(y)?
-1
Let h = 11 + -3. Suppose 0 = 4*z + 150 - 174. Let b(p) = -7*p**2 - 8*p - 5*p**3 - 6*p**3 - 14*p**3 + 26*p**3 + z. Calculate b(h).
6
Let x(y) be the first derivative of -y**3/3 + 5*y**2 + 14*y - 4744. Determine x(0).
14
Let d(l) = -l**3 + 5*l**2 - 3*l - 1. Suppose -590 = 3*a + 3*h - 5*h, a - h + 197 = 0. Let p = a + 201. Calculate d(p).
-16
Let n(c) = -c**3 - 2*c**2 - 5*c - 2. Let u(j) = -11*j**2 + 9*j + 1. Let r be u(1). Let l be -7 + (2 - r)*28/21. Give n(l).
22
Let b(d) = 4*d + 17. Let o be (1 - (0 + -1 + 0)) + 1. Let i(t) = 2*t + 8. Let v(h) = o*b(h) - 7*i(h). Suppose 3*z - 3*j = -3, 8 + 8 = -4*j. What is v(z)?
5
Let h(f) = 76*f - 431. Let p(l) = 19*l - 97. Let i(u) = -2*h(u) + 9*p(u). Give i(5).
84
Let m(n) = 33*n**3 - 239*n**2 + 31*n - 89. Let h(z) = -5*z**3 + 37*z**2 - 5*z + 15. Let q(g) = -13*h(g) - 2*m(g). Determine q(-7).
158
Let t(s) = s**3 - 19*s**2 - 16*s - 30. Let y be (-270)/(-18) - -10*((-2)/2)/(-2). What is t(y)?
50
Let f(s) = 16*s + 12003 + s**2 - 5998 - 5992. Calculate f(-12).
-35
Let f = -209 - -29. Let c be f/(-25) + -7 - 8/(-10). Let v(y) be the third derivative of 7*y**4/24 - y**2. Calculate v(c).
7
Let b(p) = 118708*p + 4 - 1 - 118706*p. Suppose -3*g + 2*j + 3 = 0, -2*g - g = 3*j - 3. Give b(g).
5
Let o be (-46)/10 + (-2)/5. Let n = o + -1. Let m(a) = -3*a**2 + 0*a**2 + 0*a + 9*a - 6467*a**3 - 2*a**2 + 6466*a**3 + 3. Calculate m(n).
-15
Let r(h) = -1631 - 90*h + 3226 + 7*h**2 - 1615. Determine r(13).
-7
Let f(g) = 3*g**3 - 9 - 22*g - 30*g + 9*g**2 + 45*g - 4*g**3. What is f(8)?
-1
Let s(h) = -6*h - 14. Let m(u) = -19*u - 43. Let c(x) = 2*m(x) - 7*s(x). Give c(-7).
-16
Suppose 0 = 10*w + 21*w - 1302. Suppose 0 = -6*q + w - 18. Let b(v) be the third derivative of -v**5/30 + 5*v**4/24 + v**3/6 - 2*v**2. Give b(q).
-11
Let o = -111 + 26. Let f = -82 - o. Let h(q) = -2*q**2 + q - 3. Calculate h(f).
-18
Let d(l) be the first derivative of -l**3/3 + 10*l**2 - 39*l + 550. Determine d(18).
-3
Let t(o) = -103*o**3 + o**2 - 3*o - 3. Let j be t(-1). Let y be j/10 + 72/(-180). Let v(h) = h**2 - 10*h + 7. Determine v(y).
7
Let b(g) = -13*g - 111. Let f be b(-9). Let c(d) = 70*d**2 - 63*d**2 + 1 - 3 - 4*d - d**3. Calculate c(f).
10
Let l(s) be the first derivative of -s**6/180 + s**5/60 - s**4/12 + 65*s**3/3 + 145. Let t(j) be the third derivative of l(j). Determine t(3).
-14
Let a = -17531 - -17546. Let z(o) be the second derivative of -7/6*o**3 + 1/12*o**4 + 0 + a*o - 9/2*o**2. Calculate z(7).
-9
Let o = -324 - -327. Let g(l) = 2*l**2 - 8*l + 4. Give g(o).
-2
Let r(j) = j**3 + 7*j**2 + 9*j + 9. Let a be (-4 + 7 + -3)*-1. Suppose a = -3*d - d + 20. Suppose s = -4*h - 18, -6*h + 27 = -5*s - d*h. Calculate r(s).
-9
Let f(b) be the third derivative of -b**4/24 + b**3/6 + b**2. Let p(h) = -h**2 + 4*h - 9. Let c(x) = 6*f(x) + p(x). Let y = 6873 - 6875. Calculate c(y).
-3
Let n(i) be the second derivative of i**4/12 - 5*i**3/6 - i**2/2 - i. Let l(c) be the second derivative of c**3/6 + c**2/2 + 8*c. Let g be l(4). Calculate n(g).
-1
Let d(v) = -3*v**2 - 7*v - 1. Suppose 0 = -7*y - 0*y + 3*y. Let l be d(y). Let u(g) = 7*g**2 - g. Determine u(l).
8
Let r(x) be the third derivative of -1/6*x**4 + 1/20*x**5 + 4*x + 0*x**3 + 1/120*x**6 + 0 + 6*x**2. Determine r(-4).
0
Let q be (103/36 + (-8)/(-36) - -3) + -6. Let t(z) be the second derivative of -13/2*z**2 + 0 - 12*z - 11/6*z**3 - q*z**4. Give t(-9).
5
Let a(t) = -30*t**2 + 10*t + 167. Let g(h) = 6*h**2 - 2*h - 36. Let z(q) = 3*a(q) + 14*g(q). Determine z(3).
-51
Let a(v) be the second derivative of v**5/20 + 5*v**4/12 + 5*v**3/6 + 15*v**2/2 + 5621*v. What is a(-4)?
11
Suppose 0 = -o + 5, 2*o - 9 = 4*v + 9. Let l(q) = 3*q - 4*q + 8*q**3 + 5*q**3 - 1 - 4*q**2 + 10*q**3 - 24*q**3. What is l(v)?
-7
Let q(w) = 27*w**3 - 7*w**2 - 5*w + 8. Let j(v) = 23*v**3 - 6*v**2 - 4*v + 8. Let h(o) = -7*j(o) + 6*q(o). What is h(3)?
13
Let y(g) = -61*g**2 - 68*g**2 + 6*g - 4 + 194*g**2 - 64*g**2. Determine y(-5).
-9
Let p(o) = -29*o**2 + 16*o - 5. Let r be (-2 - (-30)/12)/(1/10). Let n(k) = 16*k**2 - 9*k + 3. Let a(m) = r*n(m) + 3*p(m). Calculate a(2).
-22
Suppose 11 = 4*y - 3*b - 3, -10 = -4*y + b. Suppose -17*g + 19 - y = 0. Let l(r) = -9*r - 1. Calculate l(g).
-10
Let t(m) = 9*m**2 - 3*m - 2. Let h(o) = 11 - 37*o - 15*o + 10*o + 75 - o**2. Let d be h(-44). Determine t(d).
40
Let a(u) = -13*u. Let w(f) = 18*f + 17. Let r(c) = 6*a(c) + 3*w(c). What is r(3)?
-21
Suppose 0 = 63*k - 60*k + 15. Let q(t) = 2 + 7*t - t - 4 - 7*t. What is q(k)?
3
Let g(o) be the first derivative of 2*o**3 + o**2 - 5. Suppose -5*a = -3*y - 6 - 19, -2*a + 29 = -5*y. Suppose -2*f - a = 4*j - j, j + 6 = 2*f. Give g(j).
20
Let w be (9/((-36)/(-1880)))/2. Let l(n) = w - 3*n + 4*n - 217. Calculate l(-10).
8
Let o(p) = p**2 - p + 2. Let h(s) = s**3 + 7*s**2 - 3*s - 7. Suppose 4*y = 6*y + 14. Let t be h(y). Suppose i + b = -2*b + t, 3*b - 16 = -2*i. What is o(i)?
4
Let m(x) = -x**2 + 5*x + 8. Let f be m(6). Let l = -40 + 42. Let g(r) = f - l + 0*r + 1 - 3*r. Determine g(-1).
4
Suppose -32*b - 125 = -27*b. Let j(q) = -q**2 + 1. Let y(c) = -27*c - 47. Let m(s) = j(s) + y(s). Calculate m(b).
4
Let d(l) = l**3 - 4*l**2 - 1. Let n = -361 - -58. Let j = n + 307. Calculate d(j).
-1
Let w(x) be the second derivative of -x**3/2 + 39*x**2 - 71*x - 10. What is w(23)?
9
Let c(p) = p**2 + 8*p + 2. Let a be 6/(-16)*2 + (-276)/(-48). Suppose -a*v = 3*m + 288, v - 48 = 2*v + 3*m. Let b = v - -52. Give c(b).
2
Suppose -2*f = -6*i + 2*i + 8, 4*i - f = 8. Let h(p) = i*p + 7955 - 7961 + 0*p. Calculate h(7).
8
Let p(y) = -5*y**2 - 13*y + 29. Let i = 21 - 22. Let j be 0 + i - -2*2. Let q(f) = 2*f**2 + 4*f - 10. Let a(v) = j*p(v) + 8*q(v). Calculate a(5).
-3
Let o(h) be the first derivative of -5*h**2 - 116*h + 725. Calculate o(-11).
-6
Let w(c) = 2*c**2 + 106*c - 116. Let j be 